{"id":15,"date":"2015-07-03T17:06:00","date_gmt":"2015-07-03T15:06:00","guid":{"rendered":"http:\/\/syntegic.com\/devel\/klc\/?page_id=15"},"modified":"2020-03-10T11:41:29","modified_gmt":"2020-03-10T10:41:29","slug":"fakturierung","status":"publish","type":"page","link":"http:\/\/klc-bueroorganisation.de\/index.php\/fakturierung\/","title":{"rendered":"Fakturierung"},"content":{"rendered":"<p><style>\n#mywrapper {<br \/>\n  margin-right: 100px;<br \/>\n}<br \/>\n#mycontent {<br \/>\n  float: left;<br \/>\n  width: 100%;<br \/>\n }<br \/>\n#mysidebar {<br \/>\n  float: right;<br \/>\n  width: 400px;<br \/>\n  margin-right: -400px;<br \/>\n  background-color: #FFA;<br \/>\n}<br \/>\n#mycleared {<br \/>\n  clear: both;<br \/>\n}<br \/>\n<\/style><\/p>\n<div id=\"mywrapper\">\n<div id=\"mycontent\">\n<div class=\"entry-content\">\n<ul>\n<li>erstellen von Angeboten<\/li>\n<li>erstellen von Auftragsbest\u00e4tigungen<\/li>\n<li>erstellen von Lieferscheinen<\/li>\n<li>erstellen von Rechnungen<\/li>\n<li>erstellen von Gutschriften<\/li>\n<li>Bankeinz\u00fcge<\/li>\n<li>\u00dcberwachung der Zahlungseing\u00e4nge sowie des Mahnwesens<\/li>\n<\/ul>\n<\/div>\n<\/div>\n<div id=\"mysidebar\">\u00a0<\/div>\n<div id=\"mycleared\">\u00a0<\/div>\n<\/div>\n\n\n<figure class=\"wp-block-image size-medium\"><img loading=\"lazy\" decoding=\"async\" width=\"300\" height=\"207\" src=\"http:\/\/klc-bueroorganisation.de\/wp-content\/uploads\/2015\/08\/Faktura2-300x207.jpg\" alt=\"\" class=\"wp-image-84\" srcset=\"http:\/\/klc-bueroorganisation.de\/wp-content\/uploads\/2015\/08\/Faktura2-300x207.jpg 300w, http:\/\/klc-bueroorganisation.de\/wp-content\/uploads\/2015\/08\/Faktura2.jpg 835w\" sizes=\"auto, (max-width: 300px) 100vw, 300px\" \/><\/figure>\n","protected":false},"excerpt":{"rendered":"<p>erstellen von Angeboten erstellen von Auftragsbest\u00e4tigungen erstellen von Lieferscheinen erstellen von Rechnungen erstellen von Gutschriften Bankeinz\u00fcge \u00dcberwachung der Zahlungseing\u00e4nge sowie des Mahnwesens \u00a0 \u00a0<\/p>\n","protected":false},"author":1,"featured_media":0,"parent":0,"menu_order":0,"comment_status":"open","ping_status":"open","template":"","meta":{"footnotes":""},"class_list":["post-15","page","type-page","status-publish","hentry"],"_links":{"self":[{"href":"http:\/\/klc-bueroorganisation.de\/index.php\/wp-json\/wp\/v2\/pages\/15","targetHints":{"allow":["GET"]}}],"collection":[{"href":"http:\/\/klc-bueroorganisation.de\/index.php\/wp-json\/wp\/v2\/pages"}],"about":[{"href":"http:\/\/klc-bueroorganisation.de\/index.php\/wp-json\/wp\/v2\/types\/page"}],"author":[{"embeddable":true,"href":"http:\/\/klc-bueroorganisation.de\/index.php\/wp-json\/wp\/v2\/users\/1"}],"replies":[{"embeddable":true,"href":"http:\/\/klc-bueroorganisation.de\/index.php\/wp-json\/wp\/v2\/comments?post=15"}],"version-history":[{"count":9,"href":"http:\/\/klc-bueroorganisation.de\/index.php\/wp-json\/wp\/v2\/pages\/15\/revisions"}],"predecessor-version":[{"id":125,"href":"http:\/\/klc-bueroorganisation.de\/index.php\/wp-json\/wp\/v2\/pages\/15\/revisions\/125"}],"wp:attachment":[{"href":"http:\/\/klc-bueroorganisation.de\/index.php\/wp-json\/wp\/v2\/media?parent=15"}],"curies":[{"name":"wp","href":"https:\/\/api.w.org\/{rel}","templated":true}]}}